e d(-3). What is the remainder when 65 + (-3 - (2 - u)) is divided by 32?
31
Let c(k) = -10*k + 42. What is the remainder when c(-8) is divided by 31?
29
Calculate the remainder when 8/4 - (-160)/2 is divided by 29.
24
Let p = 2 + 2. Suppose 4*j - j - 9 = 2*m, j + 1 = 2*m. Suppose -3*a + 48 = -3*w, -w - p*w + 48 = m*a. Calculate the remainder when a is divided by 6.
4
Let r be -38*1/(-2) + 2. What is the remainder when 27 is divided by r/(3*1/2)?
13
Suppose -8*v + 3*v = -325. What is the remainder when v is divided by 33?
32
Let g(k) = 9*k**2 + 2*k + 3. What is the remainder when g(-3) is divided by 20?
18
Suppose -3*v = -8 + 2. Suppose 0 = -5*f + 3*k - k + 98, -v*k = f - 10. Calculate the remainder when ((-8)/10)/(2/(-85)) is divided by f.
16
Suppose s = -3*o + 28, -8*o + 11*o - 43 = 2*s. What is the remainder when o is divided by 5?
1
Let z = 19 + -15. Let r(h) = 2*h**2 - 2*h + 3. Suppose 0 = -3*c - c + 12. Calculate the remainder when r(c) is divided by z.
3
Suppose -4*x = -145 - 163. Suppose 0 = -4*l - 3*o + 87, 0 = 2*l - 6*l - o + x. What is the remainder when 33 is divided by l?
15
Suppose -1 = -x, 4*r + 6*x - 141 = x. What is the remainder when 135 is divided by r?
33
Let j(t) = -6*t + 12. Let l(v) = -7*v + 13. Let u(k) = -6*j(k) + 5*l(k). Let i be u(9). Calculate the remainder when (i + -21)/(1/(-3)) is divided by 15.
12
Suppose -2*a + 3*a - 28 = 0. Calculate the remainder when a is divided by 15.
13
Let i(x) = 13*x - 2. What is the remainder when i(10) is divided by 26?
24
Suppose d = -5*f - 3, 0*f - 64 = -2*d + 4*f. Suppose 4*s - 42 = d. Suppose -149 = q - 6*q + k, 2*q + 2*k = 62. What is the remainder when q is divided by s?
14
Let f(k) = -20*k**3 + 18*k**2 - 5*k + 6. Let j(i) = -7*i**3 + 6*i**2 - 2*i + 2. Let c(h) = 6*f(h) - 17*j(h). What is the remainder when c(6) is divided by 9?
8
Suppose 0 = 6*n - 2*n. Let d = 5 - n. Suppose 0*c + 49 = 4*r + 5*c, 0 = 5*r - d*c - 95. Calculate the remainder when r is divided by 9.
7
Suppose 9*c + 70 = 4*c - 5*v, 58 = -5*c - 2*v. Calculate the remainder when 3 is divided by (4/c)/((-8)/40).
1
Let q(z) = 13*z. What is the remainder when q(1) is divided by (3 + -11 + 4)/(-1)?
1
Let d(a) = a**2 - 9*a + 12. What is the remainder when d(12) is divided by 25?
23
Let v = 13 - 11. Suppose x - b - 7 = 0, 4*x + v*b - 4*b - 22 = 0. Calculate the remainder when 6 is divided by x.
2
Suppose -12 = -3*n + 15. Let z(r) = -12*r. Let k be z(-1). Suppose -2*l + k = 2*l. What is the remainder when n is divided by l?
0
Let h(a) be the second derivative of 7*a**4/12 + 2*a**3/3 + 3*a**2/2 + a. What is the remainder when h(-2) is divided by 8?
7
Suppose 6 = 2*i - 6. Let w(c) = 14*c + 7. Let k be w(7). Suppose -k = -i*s + s. Calculate the remainder when s is divided by 8.
5
Let g = -6 + 47. Calculate the remainder when g is divided by 15.
11
Let w(o) = o + 1. Calculate the remainder when 1/(2/(-26)*-1) is divided by w(4).
3
Let h = 18 - 12. Suppose 4*d = 17 + 19. What is the remainder when d is divided by h?
3
Let z = 2 + 4. Calculate the remainder when (-2)/2 + 11 - 1 is divided by z.
3
Let t be -2*((-6)/4 - -1). Let a(k) = 1 + 2*k**2 - t - 4 - k. Calculate the remainder when a(-4) is divided by 11.
10
Let o = 31 - 26. Let v(z) = z**2 - 5*z + 7. What is the remainder when 27 is divided by v(o)?
6
Let r be -2 - (2 + 7) - 0. Calculate the remainder when r/(2 + 15/(-6)) is divided by 8.
6
Calculate the remainder when 75 is divided by (-152)/(-12)*6/4.
18
Let c(u) = -23*u + 5. Suppose -7 = b - 4. What is the remainder when c(b) is divided by 19?
17
Let h = 28 - 18. What is the remainder when 15 is divided by (-234)/(-30) - (-2)/h?
7
Suppose -5 = 5*t - 25. Suppose 5*u - t*z + 0*z = 141, -87 = -3*u + 3*z. Suppose k - u = -0*k. What is the remainder when k is divided by 13?
12
Suppose -15 = -g - 2*g. Suppose -3*t + 152 = g*o, -2*o - 60 = -4*o - t. What is the remainder when o is divided by 1 - (13 - -1)/(-1)?
13
Suppose 0 = o - 5*y - 70, o + 2*y - 12 - 30 = 0. Suppose -4*j - j = -o. Suppose -11*v = -5*v - 24. What is the remainder when j is divided by v?
2
Suppose 0*t - t + 14 = 0. Suppose 0 = -132*a + 133*a - 54. What is the remainder when a is divided by t?
12
Let p(t) = 51*t**3 - 2*t**2 + 4*t - 3. Let z be p(2). Suppose 3*i = 8*i - z. Calculate the remainder when i is divided by 21.
18
Let k(c) be the first derivative of 17*c**2/2 + 4. What is the remainder when 32 is divided by k(1)?
15
Let b be (-4)/(-14) + (-24)/(-14). Suppose -1 = -b*w + w. What is the remainder when ((-20)/2)/(w/(-2)) is divided by 7?
6
Let b = 28 + -14. Suppose 53 = -0*h + h. Calculate the remainder when h is divided by b.
11
Calculate the remainder when (-3)/6*2 + (-89)/(-1) is divided by 15.
13
Let t(q) = -9*q + 2. Let o be t(-2). What is the remainder when (-102)/(-5) - 8/o is divided by 7?
6
Let k(p) = -p**2 - 6*p + 4. Let t be k(-6). Suppose 5 = -s + 2*o + 28, t*s - 47 = -o. What is the remainder when s is divided by (-1*1 - -9) + -1?
6
Suppose t + t = 0. Suppose t = 2*x - 5*x + 33. Calculate the remainder when 30 is divided by x.
8
Let n(l) = -l**3 + 9*l**2 - 10*l + 10. Let u be n(8). Let o = u - -33. Suppose o = 4*c + 7. What is the remainder when 13 is divided by c?
3
Suppose -4*x + 14 = -30. Calculate the remainder when x is divided by (-44)/(-6) - (-3)/(-9).
4
Suppose 6*v + 36 = 528. What is the remainder when v is divided by 18?
10
Let m = 3 - -3. Suppose -v + m = 2*v. Suppose 0 = 3*g - 4*i + 14, -v*g = -3*i + 1 + 10. Calculate the remainder when g is divided by 2.
0
Let r = -25 + 33. Calculate the remainder when 104/12 + r/(-12) is divided by 3.
2
Let o(f) = -3*f**2 - 4*f - 3. Let y be o(-3). Suppose -r - r + 4 = -2*d, 4*d = 3*r - 11. Let w = d - y. Calculate the remainder when 25 is divided by w.
12
Let v(o) = -3*o**2 + o. Let n be v(1). What is the remainder when 62 is divided by (24 - (n - -5))/1?
20
Suppose w = -d, -5*w + 0*d + 28 = -2*d. Suppose -2*q = -3*q - 1. What is the remainder when 15*((-1)/3 - q) is divided by w?
2
Suppose 0*p - 22 = -2*p. Let i(d) = -d**2 + 3*d. Let s be i(3). Suppose s = -2*j - 3*j + 210. Calculate the remainder when j is divided by p.
9
Let o(t) = 3*t - 15. Let c(n) = n**2 - n. Let h be c(-3). Calculate the remainder when o(h) is divided by 12.
9
Let w(k) = -3*k - 3. Suppose 3*r + 104 = 7*r. Calculate the remainder when r is divided by w(-4).
8
Suppose 0 = 20*h - 16*h - 28. Calculate the remainder when 27 is divided by h.
6
Suppose -i = 5*t - 17, t = -i - 4*i - 11. What is the remainder when 7 is divided by 5 - (i - 2*-2)?
3
Let o = 49 + -18. What is the remainder when o is divided by 16?
15
Let m = 16 + -11. Let c(d) = 2*d - 2. Calculate the remainder when 29 is divided by c(m).
5
Let o = 16 - 9. Let v(l) = -l**2 + l + 17. Let u(m) = 3*m**2 - 3*m - 33. Let j(a) = 2*u(a) + 5*v(a). Calculate the remainder when j(0) is divided by o.
5
Let u(m) = m**3 + 4*m**2 - 5*m - 3. Let t be u(-4). Suppose -3*c + 131 = t. Calculate the remainder when c is divided by 13.
12
Let v be 2/6 - 6/18. Let q = v - -10. Calculate the remainder when 26 is divided by q.
6
Let b(m) = 7*m - 1. Let i(w) = 0*w + 0*w + w**3 - w + 3*w**2. Let n be i(-3). Calculate the remainder when b(n) is divided by 11.
9
Suppose 2*g - 47 = 31. What is the remainder when 114 is divided by g?
36
Suppose 5*k - 56 = 2*k - 5*w, 2*w + 15 = k. Let h = 99 + -34. What is the remainder when h is divided by k?
14
Let s(b) = -6*b - 1. Suppose -7*m + 2*m = 5. Calculate the remainder when 12 is divided by s(m).
2
Let m(x) = -x - 4. Let u be m(-5). Let f(r) = 16*r**2 + r - 1. Suppose 2*t = 5*t - 2*i - 22, 8 = 2*t + 2*i. What is the remainder when f(u) is divided by t?
4
Suppose 0 = 4*c - 2*c + 28. Let j = c - -38. Calculate the remainder when j is divided by 13.
11
Let l(z) = 2*z**2 + 4. What is the remainder when 10 is divided by l(0)?
2
Let w be (-7)/4 + 8/(-32). What is the remainder when 92/28 + w/7 is divided by 2?
1
Suppose -2*j - 1 = 3*l - 7, 0 = -4*j + 12. Suppose -35 = -l*x - 5*x. Calculate the remainder when x is divided by 3.
1
Let c be 5*(2 - 6/5). Suppose c*i = 7*i - 63. Calculate the remainder when i is divided by (-329)/(-28) - 1/(-4).
9
Let u be 2/(6*1)*9. Suppose -30 = -u*g + 2*d, 0*g + 45 = 3*g + 3*d. Let b(c) = c**2 + 2*c. Calculate the remaind